k + 10 = 0, -5*k + 35 = 3*g - 2. Suppose -6*h + h = -4*t + 1443, -g*t = 3*h - 1419. What is the tens digit of t?
5
Suppose 2*s - 6155 = -3*w + 17636, -3*w + 5*s = -23777. What is the units digit of w?
9
Suppose 5*y = 5*l - 570, 0 = -5*l + l - 3*y + 442. Let w = -88 + l. What is the tens digit of w?
2
Suppose 2*i + 2516 = 4*i. Suppose -9*y - i = -2*f - 5*y, -1273 = -2*f - y. What is the hundreds digit of f?
6
Let n be 4/10*(-10)/8*26. Let r = n - -70. Let f = r + -24. What is the tens digit of f?
3
Let g = 22 - -216. Let h be g + (-4)/(-1)*1. Suppose 5*q + h = 6*q. What is the hundreds digit of q?
2
Let h(i) = i**2 - 5*i - 14. Let m be h(6). Let p(j) = 10*j**2 + 10*j + j**3 + 12 - 2 + 4. What is the units digit of p(m)?
2
Suppose 8 = -2*v, -v = -2*x + 3 + 7. Suppose 4*n = x*s - 434, 0 = -s + 3*n - 0*n + 138. What is the hundreds digit of s?
1
Let g(o) = 26*o**2 - 133*o - 86. What is the tens digit of g(-40)?
3
Let f be (40/(-25))/((-2)/5). Suppose 0 = f*s - 5*t + 160 - 806, 4*s = 4*t + 648. What is the units digit of s?
4
Let x(w) = -19*w - 20. Let j(l) = 2*l + 1. Let t be j(-5). Let k be x(t). Let c = k + -60. What is the tens digit of c?
9
Let o(d) = -1 - 1 - 8*d + 0 + 2*d**2. Suppose -14 = -19*a + 18*a + 5*w, 26 = 3*a + w. What is the units digit of o(a)?
8
Let v(l) = 23*l + 39*l - 16 + 15*l. Let n be v(3). Suppose 3*u - n = 103. What is the tens digit of u?
0
Let c = 12 + 1. Let z(j) = 6*j + 20. Let b be z(c). What is the units digit of 4/6 + b/6?
7
Let i be (-403 + (-10)/2)*-1. Suppose -i = 4*d + 2*d. What is the units digit of d/(-18) - ((-520)/72 + 7)?
4
Let a be 1392*(8/3 + -2). Suppose 18*k - a = 2*k. What is the units digit of k?
8
Suppose -191*f + 402454 = -206072. What is the thousands digit of f?
3
Let u(r) = 2*r**3 + r**2 + 7*r + 20. Let h be u(7). Suppose -h = -3*f + 456. What is the hundreds digit of f?
4
Let d be (1 + (-10 - -3))/2. Let v = -3 - d. Suppose -131 = -3*b + 5*c, v*c - 127 = -3*b + 4*c. What is the tens digit of b?
3
Suppose 8*h + 2*f = 10*h + 44, 0 = -2*h + f - 44. Let a = h - -527. What is the units digit of a?
5
Suppose -m + 25418 = 3*b + 6937, 0 = 4*b - 5*m - 24673. What is the tens digit of b?
6
Suppose -2*w + 2*t - 8 = 0, 341 = 5*w - 2*t + 343. Let p(m) be the third derivative of 47*m**4/24 + m**3/6 - m**2. What is the units digit of p(w)?
5
Let i(k) = -k**3 - 6*k**2 + 2*k + 10. Let a be i(-5). Let v be (120/a)/(-4)*20. Suppose h = v + 13. What is the units digit of h?
7
Let f be (12852/85)/(2/10). Let t = f + -249. What is the units digit of t?
7
Let n(m) = m**2 - 28*m + 54. Let t be n(26). Suppose -1247 = -5*u - t*l, -5*u + l + 1246 = 2*l. What is the hundreds digit of u?
2
Suppose -r - 3*n = -61053, 7*r - 2*n + 32657 = 460051. What is the tens digit of r?
5
Suppose 14*l = 3*l + 308. What is the hundreds digit of (-3089)/(-7) - (-6 + 176/l)?
4
Let j(n) = 3*n**2 - 15*n + 47. Let d be j(3). Suppose d*p = 385 + 1616. What is the tens digit of p?
6
What is the thousands digit of (787019/635)/((-2)/(-50))?
0
Suppose -1 = -d - 2*g, -2*g - g = d. Suppose m + 386 = y, -d*y = -4*m - 1072 - 91. What is the units digit of y?
1
Suppose -779143 + 2460680 = 113*f + 30*f. What is the units digit of f?
9
Let p(i) = i**2 + 18*i + 59. Let f be p(-11). Let v(t) = -21*t - 95. What is the hundreds digit of v(f)?
2
Let p(f) = 4*f**3 - 13*f**2 + 10*f - 4. Let u(c) = -3*c**3 + 14*c**2 - 10*c + 4. Let n = 14 - 12. Let o(i) = n*p(i) + 3*u(i). What is the units digit of o(15)?
9
Let l(u) = 1262*u - 4085. What is the hundreds digit of l(14)?
5
Let o(y) = 349 - 139 + 20*y**2 + 12*y - 177. What is the hundreds digit of o(-4)?
3
Let g(c) = -37*c - 53. What is the units digit of g(-63)?
8
What is the thousands digit of (-3)/(((-82)/688062)/((-10)/(-12)*2))?
1
Let o(h) = -14*h - 79*h - 197 - 33*h + 230 - h. What is the units digit of o(-10)?
3
Let s = 2065 + -1250. Let o = s + -376. Suppose -5*w + g = -o, 24 - 91 = -w - 5*g. What is the units digit of w?
7
Suppose -71*o = 77*o - 2484772. What is the units digit of o?
9
Suppose -9*u = 4*u - 235113 - 344089. What is the thousands digit of u?
4
Suppose -2*a - 2*n - 2194 = 0, -2 = -3*n - 17. Let k = a - -2441. What is the units digit of k?
9
Suppose -2*v = 0, -5*v = 5*p - 117 - 143. Suppose -47*f - 135 = -p*f. What is the units digit of f?
7
Let x be 3/((-36)/(-88))*(-102)/(-4). Suppose -x = -j + t, 2*t + 757 = 4*j + t. What is the units digit of j?
0
Suppose -2*r + 21555 = 5*y - 9814, 62822 = 4*r - 2*y. What is the tens digit of r?
0
Let t be (-792)/429 + (-30)/26 + 1. What is the hundreds digit of (t - -325) + -3 + -3?
3
Let d = 121 - 119. What is the units digit of (d/((-20)/758))/(2/(-10))?
9
Let n = 3694 - -9897. What is the tens digit of n?
9
Let m(c) = c**3 - 15*c**2 - 61*c - 3. Let s be m(19). Suppose 9*a - s = 8*a. What is the hundreds digit of a?
2
Let i be 554 + ((-6)/(-3))/(-2) + -1. Suppose -i = -6*l + 2*l. What is the tens digit of l?
3
Suppose 14*t = 11*t + 462. Let h be ((-4)/14)/((-11)/t). Let k(b) = b**3 - b**2 - 3*b + 1. What is the tens digit of k(h)?
3
Suppose -802 = 12*b - 178. Let c be 224/6 - b/78. What is the tens digit of (c/(-4))/((-5 - -4)/2)?
1
What is the ten thousands digit of 45/6*2774/365*(-5574)/(-9)?
3
Suppose 2*k = 4*n + 4356, -4*n = -n - 4*k + 3272. Let y = -579 - n. What is the units digit of y?
9
Suppose -6 + 24 = 9*q. Suppose -2*f = -3*x + 168, -q*x + 224 = 2*x - 2*f. Suppose x = 4*g - 192. What is the units digit of g?
2
Let k(d) = -d**2 - 7*d - 4. Let g be k(-6). Suppose -9*c = -8*c - g. Suppose -c*s - 1480 = -7*s + j, 0 = -3*j - 15. What is the units digit of s?
5
Let v = -9447 + 23591. What is the hundreds digit of v?
1
Let t(z) = -10170*z - 73. What is the tens digit of t(-1)?
9
Let l = 165 + -162. Suppose -1615 = -10*s + 5*s + 5*p, 5*p - 961 = -l*s. What is the units digit of s?
2
Let q(k) = k**2 - 4*k + 172. Let o be q(0). Let f = o + -126. What is the units digit of f?
6
Let d = 74 - 69. Suppose -93 = d*k - 173. What is the units digit of 3/6 + 1160/k?
3
Let z be 5 - 0 - (-7)/(-6 - 1). Suppose -z*m + 2452 = 820. What is the tens digit of m?
0
Let c = 525 - 522. Suppose 1430 = 2*v + 3*d, c*v - 2145 = -11*d + 7*d. What is the hundreds digit of v?
7
Let a(g) = -377*g - 28. Let b be a(-4). Suppose -38*s - b = -42*s. What is the units digit of s?
0
What is the tens digit of 32066 - (-2 - (-24 + 5))?
4
Let s(w) = -2*w**3 + 133*w**2 + 53*w + 43. What is the thousands digit of s(66)?
7
Suppose 22*w - 85 = 5*w. Suppose -347 = -2*z + 3*b, -2*z + 282 = -w*b - 59. What is the units digit of z?
8
Suppose 0 = 16*z - 11*z - 2415. What is the units digit of z - ((-3)/1 - -7)?
9
Let t = -49755 - -100781. What is the ten thousands digit of t?
5
Suppose -27*a + 23*a + 215338 = -2*z, -3*a + 2*z + 161506 = 0. What is the hundreds digit of a?
8
Let b(g) = -g**2 + 13*g + 7. Let c(p) = 2*p**2 - 6*p + 2. Let m be c(5). Suppose 20 = 6*l - m. What is the units digit of b(l)?
9
Let z(g) = g**2 - 14*g - 9. Let y be (5/2)/((-4)/(-8)). Let r be z(y). Let n = 101 + r. What is the tens digit of n?
4
Let u = -348 + 1118. Suppose -2*q = 5*m - 3*m - u, -1145 = -3*m - 5*q. What is the units digit of ((-4)/(-6))/(4/m)?
5
Let r(j) = j**3 - 2*j**2 - 6*j + 5. Let f be r(2). Let u be 4/4*-5 + 3 - f. Suppose -237 = -5*m + 3*m - u*h, 0 = 5*m + 4*h - 584. What is the tens digit of m?
1
Suppose -3*c + 214 + 11 = 0. Suppose 4*y - 1022 = u - c, -5*y + 1183 = -u. What is the units digit of y?
6
What is the units digit of (-7)/(-49)*-2 + 23045/77?
9
Suppose -3*z + 407 = -460. Let q = 416 + -412. Suppose -u = q*a - z, 4*a - 7*u + 6*u - 295 = 0. What is the units digit of a?
3
What is the units digit of (20/(-8))/((-30)/164376)?
8
Suppose -166*f + 3141593 = 81*f. What is the thousands digit of f?
2
Let j(n) = -n**2 + 109*n - 55. What is the tens digit of j(59)?
9
Let y be 116/(-16) - (-4)/16. Let n(x) = -66*x - 30. Let r be n(y). Suppose -2*u = 4*m - 288, u + 2*u = -4*m + r. What is the tens digit of u?
4
Let w(o) = -4*o**2 + o. Let p(b) = 23*b**2 - 22*b + 430. Let r(h) = p(h) + 6*w(h). What is the hundreds digit of r(0)?
4
Suppose -w + 3*a = 34, -5*w = 6*a - a + 150. Suppose -1130 = -5*b + 4*m, 4*b - 4*m - 499 - 405 = 0. Let v = b + w. What is the tens digit of v?
9
Suppose 4*b - 1045 = -25*v